Suppose -24 = -5*b + 21. Let d(s) = -s**2 + 8*s - 6. Let r be d(b). Let p = 26 + r. List the prime factors of p.
11
Let h be 22/(-2) - (-3 + 3). Let w = h - -26. List the prime factors of w.
3, 5
Suppose 6*g - 3*g = 960. List the prime factors of g.
2, 5
Let j be 3/18*4*12. List the prime factors of 62/j - 9/12.
7
Let k(l) be the second derivative of l**4/12 - l**3 + 7*l**2/2 + l. Let f be k(5). What are the prime factors of (f/(2/(-11)))/(-1)?
11
Suppose 404 = 5*g - s, -3*s = -2*g - 0*s + 172. What are the prime factors of g?
2, 5
Suppose 2*r = 3*j + 46, r + 3*r = -j + 92. What are the prime factors of r?
23
Let y = 24 - 12. List the prime factors of y.
2, 3
Let r(f) = -2*f**3 + 3*f**3 + f**2 + 0 + f - 2 + 5. What are the prime factors of r(0)?
3
Let d = 18 - 5. Let z = 4 + -6. Let l = d + z. What are the prime factors of l?
11
Suppose 5*t = 4*j + 83, 5*t - 3*j - 68 - 18 = 0. Suppose -b + 2 = -t. List the prime factors of b.
3, 7
Let p(m) = -5*m**3 + 17*m**2 + 16*m + 13. Let h(c) = c**3 - c**2 - c + 1. Let b(f) = -4*h(f) - p(f). Suppose -t - t = -28. List the prime factors of b(t).
11
Let k be (-129)/(-4) + 4/(-16). Suppose 2*i - k = -2*i. Let t = i - -3. List the prime factors of t.
11
Let g be (-6)/4*4/(-3). Let n be (1/g)/(3/6). Let o = n + 6. What are the prime factors of o?
7
Let i(g) = -g**3. Let j be i(-1). Let a be ((-9)/(-6) - j)*54. Let c = -17 + a. What are the prime factors of c?
2, 5
Let o(k) = 5*k - 3. Let x be o(3). Suppose -v + 12 = 3*n + v, 3*n = -3*v + x. Suppose 0 = q - n*t + 2, 2 = -0*t + t. List the prime factors of q.
2, 3
Let s = 40 + 32. What are the prime factors of s?
2, 3
Let k(m) = -m - m**2 + 38*m**2 - 8*m**2 + 4*m**2. What are the prime factors of k(-1)?
2, 17
Let h(f) = -f**3 - 3*f**2 - 2*f - 6. Let j be h(-4). Suppose -5*r - k - 49 = -3*k, 3*k = -5*r - 64. Let l = r + j. What are the prime factors of l?
7
Let o(j) = 2*j**2 - j - 2. What are the prime factors of o(-3)?
19
Let m be 1/2*-4 + 0. Let v be (-3)/((-4)/m - 3). Suppose 3*x - v*w = 36, 5*x - 3*w = 5 + 47. What are the prime factors of x?
2
Let r be ((-32)/(-40))/((-2)/(-20)). Let x(c) = 10*c**2 + c. Let s be x(1). Suppose 2*j + 4*u + u = r, 0 = j - u - s. List the prime factors of j.
3
Suppose 0*r = 3*s + 2*r - 10, -3*s + 3*r = -30. Suppose 2*n = -s, 2*g - 6*n = -3*n + 17. List the prime factors of -1 - ((g - 2) + -14).
11
Suppose -3*b - 421 = -4*v, 4*b - 209 = -2*v + 5*b. Suppose -f - 3*f + 108 = 4*m, 0 = 4*m + 5*f - v. What are the prime factors of m?
2
What are the prime factors of 1 + -1 - (-5 - -7 - 118)?
2, 29
Let r(t) = -t**2 + 5*t + 4. Let u be r(3). Suppose -f = -6*f + 2*w - u, -3*f = -5*w + 25. What are the prime factors of f - 1 - (-7 - 1)?
7
Suppose 1256 = -3*z + 11*z. What are the prime factors of z?
157
Let c(p) = 3*p**2 - 3*p - 7. List the prime factors of c(4).
29
Suppose v = 2 - 4. List the prime factors of 28 + 2 - (-4 - v).
2
Let q(c) = 316*c + 2. What are the prime factors of q(1)?
2, 3, 53
Suppose -g + 12 + 2 = 0. What are the prime factors of g?
2, 7
Let x(f) = -f - 8. Let u be x(-10). Suppose -5*n - 5 = -2*z, 2*z - 3*n = -u*n + 25. List the prime factors of z.
3, 5
Let v(z) = -4*z**2 + z. Let j be v(1). What are the prime factors of j/(0 + (0 - 1))?
3
Suppose -2*x - 208 = -6*x. What are the prime factors of x?
2, 13
Let k = -30 + 34. Suppose -3*u = k*d + 31 - 207, d - 3*u - 44 = 0. What are the prime factors of d?
2, 11
Let q be (-2)/(-7) + 580/28. List the prime factors of (-6)/(-21) - (-99)/q.
5
Suppose -2*d - 3*d + 635 = 0. List the prime factors of d.
127
Let x = -10 - -20. List the prime factors of x/3 + (-1)/3.
3
Suppose -4*t = -3*k - 21, -3*k - 14 = -t - 2. Suppose -2*i + t = -i. What are the prime factors of i?
3
Let h = 1 - 2. Let l be (3/(-6))/(h/24). Suppose -2*a + l = -a. What are the prime factors of a?
2, 3
Suppose -5*d + 25 + 4 = 2*x, 0 = 4*x + 2*d - 18. What are the prime factors of (x - 2)*-1 - -13?
13
Suppose 5*f - 14 = i, -4*f + 0 = -3*i + 2. Suppose w - 34 = -5*y, -y = -i*y - 2*w + 38. Let k = 13 - y. What are the prime factors of k?
7
Suppose -4*q - 6*m + 4*m + 152 = 0, 2*m - 4 = 0. What are the prime factors of q?
37
Let j = -6 + 71. Suppose -5*z + 44 + 32 = 2*t, -4*z - 3*t = -j. List the prime factors of z.
2, 7
Let u(b) = -b**3 + 12*b**2 - b + 2. Let d be u(12). Let p = d - -16. List the prime factors of p.
2, 3
Suppose 0 = -22*h + 20*h + 134. List the prime factors of h.
67
Let y = -6 + 8. Suppose -9 - 19 = -y*q. What are the prime factors of q?
2, 7
List the prime factors of 24/(-156) + 1/((-26)/(-3280)).
2, 3, 7
Let n = 90 - 20. List the prime factors of n.
2, 5, 7
Let a(i) = i**2 + 3. Let w(j) = 2*j**2 + j + 7. Suppose 3*l - 25 = -10. Let r(x) = l*a(x) - 2*w(x). What are the prime factors of r(-2)?
3
Suppose -5*o = -0*o - 535. List the prime factors of o.
107
Suppose 2*v + 49 = 3*k + 3*v, 3*v = -5*k + 83. What are the prime factors of k?
2
Let m(t) = 29*t**3 + t**2 - 2*t. List the prime factors of m(1).
2, 7
Let q(p) = 2*p**2 + 4*p. Let o = -3 + 0. Let x be q(o). Suppose 0 = -c + 2*z + x + 10, 4*c - 4*z - 48 = 0. What are the prime factors of c?
2
Let m = 51 + -16. Suppose -5*x - 10 + m = 0. List the prime factors of x.
5
Suppose 0 = -l - 3*l - n + 17, -27 = -4*l - 3*n. Let j be (-2)/6 - (-16)/l. Suppose g + 0 = j. What are the prime factors of g?
5
Let a(v) = -v**2 + 6*v + 2. Let s be a(6). Let h = -7 + 10. Suppose -18 = -2*w - s*t, 3*t + 50 = h*w + w. List the prime factors of w.
11
Let k(p) = 7*p + 18. Let s be k(6). Let v = s - 39. List the prime factors of v.
3, 7
Suppose 0 = 4*w + n + 3, -4*w - w - 5*n = 15. Suppose w = 2*z + z - 15. Suppose -4*a = -15 - z. What are the prime factors of a?
5
Suppose 2*z + 3*z = 0. Suppose -j + z*j + 20 = -4*n, 5*j - 81 = n. What are the prime factors of j?
2
Let r = -96 - -18. What are the prime factors of (2/6)/((-2)/r)?
13
List the prime factors of (11 - 12)/((-2)/190).
5, 19
Let l = 21 - -15. Let c = l - 25. List the prime factors of c.
11
Suppose j + 44 = 3*j. What are the prime factors of j + -1 + (-3)/(-1)?
2, 3
Let u = -27 + 39. List the prime factors of u/72 + 293/6.
7
Suppose 4*d - 31 = 33. List the prime factors of d.
2
Let w = 48 + -28. List the prime factors of w.
2, 5
Let d(b) = -5*b. What are the prime factors of d(-17)?
5, 17
Let t(z) = 3*z**3 + 8*z**2 - 10*z + 2. Let m(x) = -x**3 + x + 1. Let k(n) = -2*m(n) - t(n). Let j be k(-9). Let y = j + 0. List the prime factors of y.
5
Let j(u) be the third derivative of 0*u + 1/10*u**5 - 1/6*u**3 - 1/120*u**6 + 0 + 1/24*u**4 - u**2. List the prime factors of j(6).
5
What are the prime factors of 18/(-12)*(-424)/6?
2, 53
Let l = 6 + -3. Suppose -4*o - 5 = -x - 3, -l*o = -2*x + 4. List the prime factors of x.
2
Let p = 296 + -125. List the prime factors of p.
3, 19
Let v be 8/(-14) - (-52)/(-7). Let s = -4 - v. What are the prime factors of s?
2
Suppose 3*a - 40 = a. Suppose -55 = -5*k - a. Let m(t) = t - 5. List the prime factors of m(k).
2
Let p = -3 + -7. Let y be 6/(-15)*(p + 0). Suppose f + 9 + 6 = 5*q, 5*f - 9 = y*q. List the prime factors of f.
5
Let a(b) = b**2 - 4*b - 8. Let i(h) = -1. Let z(u) = a(u) - 5*i(u). Let j be (-1 - -6) + -6 + 6. List the prime factors of z(j).
2
Let o = 4 + 4. List the prime factors of o.
2
Let v = -226 + 328. List the prime factors of v.
2, 3, 17
Let k be (-13)/(-2) + 2/4. Let j = -11 + k. What are the prime factors of (-58)/(-8) - (-1)/j?
7
Let v = -53 + 76. Let k = v - 12. List the prime factors of k.
11
Let x = -1 - -1. Let n(s) = -s**2 + s + 4. List the prime factors of n(x).
2
What are the prime factors of -26*2*(-21)/6?
2, 7, 13
Suppose 0*f + 2*f - 4 = 0. Suppose -2*w = -f*y + 52, -8*w + 5 = -3*w. What are the prime factors of y?
3
Let a be 304/30 - (-2)/(-15). What are the prime factors of 1/(-5) + 182/a?
2, 3
Suppose -3*l = -4*i + 3, i - 3*l + 9 = 3. What are the prime factors of i?
3
Let h = 0 + -11. Let k = 22 + h. List the prime factors of k.
11
Suppose 0 = -4*n - x + 13, 5*x - 5 = -3*n - 2*n. Suppose -3*b = -5*q + 189, b - 7 = n*q - 154. What are the prime factors of q?
2, 3
Suppose 4*b + 10 = -2. Let w(s) = -s - 2. Let i be w(b). What are the prime factors of -3*i + 4 + 12?
13
Let s = 468 - 164. List the prime factors of s.
2, 19
Suppose -5*v - 4*g + 3*g 